{"id":235,"date":"2022-06-07T15:42:34","date_gmt":"2022-06-07T15:42:34","guid":{"rendered":"https:\/\/aijavolka.lv\/?page_id=235"},"modified":"2023-08-26T19:34:56","modified_gmt":"2023-08-26T19:34:56","slug":"mediji-zurnalistika","status":"publish","type":"page","link":"https:\/\/aijavolka.lv\/index.php\/mediji-zurnalistika\/","title":{"rendered":"\u017dURN\u0100LISTIKA"},"content":{"rendered":"<div><\/div>\n<p>&nbsp;<\/p>\n<ul>\n<li>P\u0113c ilg\u0101kas pauzes esmu atgriezusies nodibin\u0101juma <a href=\"https:\/\/fonds.tuvuma.lv\/\">&#8221;Krist\u012bga dz\u012bvesveida izp\u0113tes fonds&#8221;<\/a> un t\u0101 uztur\u0113t\u0101 medija<a href=\"https:\/\/tuvuma.lv\/\"> Tuvuma.lv<\/a> komand\u0101. Kop\u0161 2023.gada 2.augusta (Uz\u0146\u0113muma re\u0123istram apstiprinot ar l\u0113mumu 14.august\u0101) esmu fonda valdes priek\u0161s\u0113d\u0113t\u0101ja. L\u012bdz tam kop\u0161 2022.gada novembra biju koordinatore, un faktiski jau no novembra l\u012bdz \u0161im br\u012bdim ar\u012b pildu Tuvuma.lv galven\u0101 redaktora pien\u0101kumus. Vair\u0101k \u0161eit: <a href=\"https:\/\/tuvuma.lv\/kristigo-mediju-tuvuma-lv-atkal-vada-ta-dibinataja-aija-volka\/\">Krist\u012bgo mediju Tuvuma.lv atkal vada t\u0101 dibin\u0101t\u0101ja Aija Volka<\/a><\/li>\n<\/ul>\n<p><span style=\"font-size: 16px;\">2015.gada j\u016bnij\u0101 dibin\u0101ju nodibin\u0101jumu<a href=\"https:\/\/fonds.tuvuma.lv\/\"> &#8221;Krist\u012bga dz\u012bvesveida izp\u0113tes fonds&#8221;<\/a>, kas ir starpkonfesion\u0101la un redakcion\u0101li neatkar\u012bga krist\u012bga medija &#8221;TUVUM\u0100&#8221; \u012bpa\u0161nieks un uztur\u0113t\u0101js. L\u012bdz 2020.gadam biju ar\u012b fonda valdes priek\u0161s\u0113d\u0113t\u0101ja. <\/span><span style=\"font-size: 16px;\">No 2016. gada 9.j\u016blija l\u012bdz 2020. gada decembrim esmu bijusi medija <\/span><a style=\"font-size: 16px; background-color: #ffffff;\" href=\"https:\/\/tuvuma.lv\/\">Tuvuma.lv<\/a><span style=\"font-size: 16px;\">\u00a0<\/span><span style=\"font-size: 16px;\">galven\u0101 redaktore. Idejas v\u0101rd\u0101 piesaist\u012bti medija darb\u012bbai profesion\u0101\u013ci \u2013 visda\u017e\u0101d\u0101ko konfesiju p\u0101rst\u0101vji \u2013 , kuri tagad ir ies\u0101kt\u0101 turpin\u0101t\u0101ji. Pirms fonda dibin\u0101\u0161anas <\/span><span style=\"font-size: 16px;\">7 gadus veidoju blogu ar krist\u012bgu ievirzi &#8221;manapasaule.lv&#8221;, ieg\u016bstot domubiedrus, ar ko rad\u0101s ideja par jaunu starpkonfesion\u0101lu mediju.<\/span><\/p>\n<ul>\n<li><span style=\"font-size: 16px;\">L\u012bdz 2022.gada decembrim biju <a href=\"https:\/\/www.latvijasmediji.lv\/uznemumi-un-zimoli\/skola-gimene\/\">\u017eurn\u0101la &#8221;Skola un \u0123imene&#8221;<\/a> \u0101r\u0161tata autore \u2013\u00a0 rakst\u012bju par p\u0101ru attiec\u012bb\u0101m, b\u0113rnu audzin\u0101\u0161anu un citiem tematiem.<\/span><\/li>\n<li>2016.gad\u0101 publik\u0101cija\u00a0 Eiropas \u017eurn\u0101listikas\u00a0 obsarvatorijas\u00a0 m\u0101jaslap\u0101 <a style=\"font-size: 16px; font-weight: 400; background-color: #ffffff;\" href=\"https:\/\/lv.ejo-online.eu\/4200\/etika-un-kvalitate\/medijs-ka-spogulis-un-pecpatiesiba\">Medijs k\u0101 spogulis un \u201cp\u0113cpaties\u012bba\u201d<\/a><\/li>\n<li class=\"author-bio\">2010.gad\u0101 ieguvu \u017durn\u0101listikas cer\u012bbas balvu par p\u0113tniecisko \u017eurn\u0101listiku.<\/li>\n<li class=\"author-bio\">Esmu str\u0101d\u0101jusi laikraksta &#8221;Diena&#8221; izp\u0113tes un sabiedr\u012bbas, R\u012bgas zi\u0146u un politikas noda\u013c\u0101s, bijusi laikraksta &#8221;Latvijas Av\u012bze&#8221; zi\u0146u dienesta \u017eurn\u0101liste un Las\u012bt\u0101ju servisa redaktore, port\u0101la &#8221;la.lv&#8221; sada\u013cu redaktore, bijusi port\u0101la &#8221;tvnet.lv&#8221; sporta lapas redaktora Andra Rup\u0101 asistente, veidojusi si\u017eetus raid\u012bjumam &#8221;Volejbola apskats&#8221;, rakst\u012bjusi krist\u012bgajam \u017eurn\u0101lam &#8221;Tik\u0161an\u0101s&#8221; u.c.<\/li>\n<li>Latvijas universit\u0101tes Soci\u0101lo zin\u0101t\u0146u fakult\u0101t\u0113 esmu ieguvusi bakalaura un ma\u0123istra gr\u0101du komunik\u0101cijas zin\u0101tn\u0113, specializ\u0113joties jaut\u0101jumos par \u017eurn\u0101listiku, auditorijas vajadz\u012bb\u0101m un gaid\u0101m un mediju \u0113tiku.<\/li>\n<\/ul>\n<div class=\"author-info\">\n<div class=\"row row--space-between row--flex row--vertical-center grid-gutter-20\">\n<div class=\"author-socials col-xs-12\">\n<ul class=\"list-unstyled list-horizontal list-space-xs\">\n<li><a href=\"https:\/\/lv.linkedin.com\/in\/aija-volka-02057634\" target=\"_blank\" rel=\"noopener\"><i class=\"mdicon mdicon-linkedin\"><\/i><span class=\"sr-only\">Linkedin<\/span><\/a><\/li>\n<\/ul>\n<blockquote><p>Kontakti: aija@tuvuma.lv<\/p><\/blockquote>\n<h4>PUBLIK\u0100CIJAS:<\/h4>\n<p>Port\u0101l\u0101 <strong>&#8221;diena.lv&#8221;<\/strong> (pieejamie raksti no laikraksta &#8221;Diena&#8221;):<\/p>\n<ul>\n<li>raksti ar meitas uzv\u0101rdu (<a href=\"https:\/\/www.diena.lv\/autors\/aija-laksevica\">Aija Lak\u0161evica, 2008.gada vasar\u0101<\/a>);<\/li>\n<li>raksti ar pa\u0161reiz\u0113jo uzv\u0101rdu (<a href=\"https:\/\/www.diena.lv\/autors\/aija-volka\">Aija Volka, laikposm\u0101 no 2008.gada l\u012bdz 2009.gadam <\/a>).<\/li>\n<\/ul>\n<p>Port\u0101l\u0101 <strong>&#8220;la.lv&#8221;<\/strong> (pieejamie raksti no laikraksta &#8220;Latvijas Av\u012bze&#8221;, \u017eurn\u0101la &#8221;Skola un \u0123imene&#8221;):<\/p>\n<ul>\n<li><a href=\"https:\/\/www.la.lv\/author\/author316\">Aija Volka (laikposm\u0101 no 2012- pa\u0161reiz)<\/a>.<\/li>\n<\/ul>\n<p>Port\u0101l\u0101 <strong>&#8221;Tuvum\u0101.lv&#8221;<\/strong>:<\/p>\n<p><a href=\"https:\/\/tuvuma.lv\/autors\/aijavolka\/\">Aija Volka (laikposm\u0101 no 2016. gadam l\u012bdz 2020.gadam)<\/a><\/p>\n<p>&nbsp;<\/p>\n<\/div>\n<\/div>\n<\/div>\n","protected":false},"excerpt":{"rendered":"<p>&nbsp; P\u0113c ilg\u0101kas pauzes esmu atgriezusies nodibin\u0101juma &#8221;Krist\u012bga dz\u012bvesveida izp\u0113tes fonds&#8221; un t\u0101 uztur\u0113t\u0101 medija Tuvuma.lv komand\u0101. Kop\u0161 2023.gada 2.augusta (Uz\u0146\u0113muma re\u0123istram apstiprinot ar l\u0113mumu 14.august\u0101) esmu fonda valdes priek\u0161s\u0113d\u0113t\u0101ja. L\u012bdz tam kop\u0161 2022.gada novembra biju koordinatore, un faktiski jau no novembra l\u012bdz \u0161im br\u012bdim ar\u012b pildu Tuvuma.lv galven\u0101 redaktora pien\u0101kumus. Vair\u0101k \u0161eit: Krist\u012bgo mediju &hellip;<\/p>\n<p class=\"read-more\"> <a class=\"\" href=\"https:\/\/aijavolka.lv\/index.php\/mediji-zurnalistika\/\"> <span class=\"screen-reader-text\">\u017dURN\u0100LISTIKA<\/span> Read More &raquo;<\/a><\/p>\n","protected":false},"author":1,"featured_media":0,"parent":0,"menu_order":0,"comment_status":"closed","ping_status":"closed","template":"","meta":{"site-sidebar-layout":"default","site-content-layout":"default","ast-main-header-display":"","ast-hfb-above-header-display":"","ast-hfb-below-header-display":"","ast-hfb-mobile-header-display":"","site-post-title":"","ast-breadcrumbs-content":"","ast-featured-img":"","footer-sml-layout":"","theme-transparent-header-meta":"default","adv-header-id-meta":"","stick-header-meta":"","header-above-stick-meta":"","header-main-stick-meta":"","header-below-stick-meta":"","footnotes":""},"class_list":["post-235","page","type-page","status-publish","hentry"],"_links":{"self":[{"href":"https:\/\/aijavolka.lv\/index.php\/wp-json\/wp\/v2\/pages\/235","targetHints":{"allow":["GET"]}}],"collection":[{"href":"https:\/\/aijavolka.lv\/index.php\/wp-json\/wp\/v2\/pages"}],"about":[{"href":"https:\/\/aijavolka.lv\/index.php\/wp-json\/wp\/v2\/types\/page"}],"author":[{"embeddable":true,"href":"https:\/\/aijavolka.lv\/index.php\/wp-json\/wp\/v2\/users\/1"}],"replies":[{"embeddable":true,"href":"https:\/\/aijavolka.lv\/index.php\/wp-json\/wp\/v2\/comments?post=235"}],"version-history":[{"count":13,"href":"https:\/\/aijavolka.lv\/index.php\/wp-json\/wp\/v2\/pages\/235\/revisions"}],"predecessor-version":[{"id":549,"href":"https:\/\/aijavolka.lv\/index.php\/wp-json\/wp\/v2\/pages\/235\/revisions\/549"}],"wp:attachment":[{"href":"https:\/\/aijavolka.lv\/index.php\/wp-json\/wp\/v2\/media?parent=235"}],"curies":[{"name":"wp","href":"https:\/\/api.w.org\/{rel}","templated":true}]}}